= 0. What is the greatest common factor of 64 and y?
16
Let d = 16 + -13. Let w be ((-6)/7)/(d/(-378)). Calculate the greatest common factor of w and 12.
12
Let o be (4/(-6))/((-2)/21). Suppose o*f = 2*f + 55. Let d be 2/5 - (-6)/10. Calculate the highest common divisor of f and d.
1
Suppose -10 + 24 = i. Let c be (-6)/(-21) - (-276)/i. Suppose 5*a + o = 2*o + 22, o + 17 = 4*a. What is the greatest common factor of a and c?
5
Let u = -73 - -36. Suppose 64 = -2*t + 3*x, -4*t - 135 = 3*x - 43. Let d = t - u. Calculate the highest common factor of 11 and d.
11
Let h be 5948/20 + (-2)/5. Calculate the highest common factor of h and 33.
33
Suppose -5*h - 33 = -93. Let n = 12 + -6. Suppose h + n = p. What is the greatest common divisor of 9 and p?
9
Let d(s) = 48*s - 8. Let b be d(4). Calculate the greatest common factor of 23 and b.
23
Let f = -49 - -104. Suppose 4*r + 2 - 6 = 4*b, 0 = -r - 5*b + 19. Suppose w + r*w = f. Calculate the greatest common divisor of w and 44.
11
Suppose -1 + 2 = m. Let k be (-33)/2*(-1 - m). What is the greatest common factor of k and 22?
11
Suppose 2*p - 20 = -2*p. Let a be 1 - (-175*1 - 1). Suppose 3*b + 0*q + q = a, -297 = -p*b - q. What is the greatest common divisor of b and 24?
12
Let a(y) = y**2 - 2. Let d be a(-2). Suppose 5*i = 3*h + 37, d*i + 0*h + h = 6. What is the highest common factor of 55 and i?
5
Let t = -11 + 16. Suppose -5*g = -4*f - 60, -12 = -4*g + t*g + 4*f. What is the highest common divisor of 4 and g?
4
Let x(m) = -m**3 - m**2 + 3*m - 5. Suppose 5*v + 17 = 2*v - f, 4*f = 5*v + 17. Let w be x(v). What is the greatest common factor of w and 10?
10
Suppose 3*x + 2*x = 0. Suppose x = 3*f - 254 - 130. What is the highest common divisor of 16 and f?
16
Let q = -4 - -7. Suppose -5*o + k - 2 = -q*k, o + 5*k = 17. What is the highest common factor of 2 and o?
2
Let l = -45 + 63. Let v = 54 - 27. What is the greatest common factor of l and v?
9
Let y be -2 - (18*2)/(-2). What is the highest common divisor of y and 80?
16
Suppose 4*i + 9 = i. Let u be i*(-1 - (-15)/(-9)). Suppose w - 4*w = -36. Calculate the greatest common factor of w and u.
4
Let h = -6 + 7. Let z be 2 - 0 - (-81 - h). What is the greatest common divisor of z and 12?
12
Let h = -12 + 46. Suppose -3*n - 5*q = -4*q - h, -n = -5*q + 10. Calculate the highest common divisor of 2 and n.
2
Suppose -4*m + 0*m + 4 = 4*z, 4*m - 4 = z. What is the greatest common factor of 1 and m?
1
Suppose 0 = -z + 22 + 6. What is the highest common divisor of 14 and z?
14
Suppose -45 = -4*b + 3. Let r be (b/15)/((-1)/(-120)). Calculate the greatest common factor of 24 and r.
24
Let n = 117 + -63. Let v(x) = -11*x + 3. Let o be v(6). Let q = -27 - o. Calculate the highest common divisor of n and q.
18
Suppose 51 = h - 57. Calculate the greatest common divisor of h and 12.
12
Let j be (3 - 4)*(-5 + 1). Suppose 14 = j*p - 70. Calculate the highest common divisor of 14 and p.
7
Suppose 5*o + 2*t = 13, 2*o + 3*t - 2*t - 5 = 0. Suppose 261 - 54 = 2*g + 3*m, -5*g + o*m + 528 = 0. Calculate the greatest common divisor of g and 21.
21
Let t be ((-1)/2)/(2/(-20)). Let c(o) = o**2 - 7. Let w be c(5). Suppose -22 - w = -t*f. Calculate the greatest common divisor of 40 and f.
8
Let q = 118 - -3. What is the greatest common divisor of 11 and q?
11
Let z(w) = -20*w - 6. Let o be z(-3). What is the greatest common divisor of 36 and o?
18
Let c = -91 - -131. Calculate the greatest common factor of c and 60.
20
Let q(n) = 2*n**2 + 3*n - 12. Let k be q(9). Let l be 1/6 + k/18. Let t = l - 2. What is the greatest common divisor of 2 and t?
2
Let d(s) = 3*s**2 + 5*s**2 + 0*s**2 - s - 5*s**2. Let k be d(-3). Calculate the highest common factor of k and 12.
6
Let f(b) = 5*b + 0*b**2 + 3 - b**2 + 0. Let a be f(5). Suppose -a*i - 2*q + 29 = 0, 4*q - 3*q + 24 = 4*i. Calculate the highest common factor of i and 28.
7
Suppose -3*x = 4*s - 381 - 751, 3*s - 874 = 4*x. What is the highest common factor of 26 and s?
26
Let p = -18 + 29. What is the highest common factor of 11 and p?
11
Let t be (-10)/1*8/(-4). What is the highest common divisor of 40 and t?
20
Let s = 7 + 77. Let p be (71 - 2)*1/3. Let o = p - 9. Calculate the greatest common divisor of s and o.
14
Suppose m - 5*n - 1 + 11 = 0, -m + n = -6. Suppose 0*w = w - m. Let f = 58 - w. What is the highest common divisor of 6 and f?
6
Suppose -440 = -9*v - 13*v. Calculate the greatest common divisor of 20 and v.
20
Let h(f) = -f**2 + 9*f + 8. Let q be h(8). Let a = 36 - q. What is the greatest common factor of a and 140?
20
Let i = -8 + 36. Suppose 2*r + 2*n = 16, -2*r + n + i = 6*n. What is the highest common divisor of r and 4?
4
Let l = 15 + -10. Suppose 2*s = 5*r - 100, 4*s + 27 = 2*r - 13. What is the highest common factor of r and l?
5
Let m = -2 + 23. Let u be (-93)/(-7) - 6/m. Suppose -5*b + 157 = 4*p - 18, -4*b = 5*p - 131. Calculate the greatest common divisor of b and u.
13
Let h(m) = 7*m + 27. Let j be h(-3). Calculate the highest common factor of 54 and j.
6
Let i = -25 - -37. What is the highest common divisor of i and 6?
6
Let p be 2/(-3)*(8 - 68). Calculate the greatest common divisor of 440 and p.
40
Let q(y) = -y + 8. Let z be (-1 - -2)*(0 + 6). Let l be q(z). Let p(k) = 3*k**2 + k - 2. Let t be p(-2). Calculate the highest common factor of t and l.
2
Let v be -3*3*(-60)/36. What is the greatest common factor of v and 120?
15
Let p(q) = q**2 - 6*q + 3. Let k be p(6). Suppose 3*j = 4*h + 53, 4*j = h + k*h + 72. Suppose j = 5*g - 6. Calculate the highest common divisor of g and 40.
5
Let u be (-4 + 10)*(-1 + -23). Let x = u + 209. Calculate the highest common factor of 13 and x.
13
Suppose k + 3*f + 4 = 26, 3*k - 6 = 3*f. Calculate the highest common divisor of k and 77.
7
Let l(r) = 8*r**2 + 2*r. Let b be l(4). Suppose 0 = -3*t - 4*s + 47 + 16, 0 = -3*s + 9. Calculate the highest common factor of b and t.
17
Let r be ((-54)/15)/((-1)/10). What is the greatest common divisor of 9 and r?
9
Suppose -4*q + 16 = -0*q. Suppose q*u - 600 = -u. What is the highest common factor of 48 and u?
24
Suppose 3*n + 7*h - 8*h - 21 = 0, n - 2*h = 12. What is the highest common divisor of n and 54?
6
Let v be -2 + 0 - (-11 + 0). Let f = v + -8. Calculate the greatest common factor of f and 2.
1
Let b = -3 - -33. What is the highest common factor of 270 and b?
30
Suppose 2*j + 94 = 3*j. Suppose 4*g + r = 128 + j, 2*r - 114 = -2*g. Let a = -33 - -55. What is the greatest common factor of a and g?
11
Suppose -7*x + 24 = -4*x. What is the greatest common factor of 88 and x?
8
Suppose 16 = -2*u + 52. Let o = 113 - 68. Calculate the highest common divisor of o and u.
9
Let x be 8/(-1 + -1)*80/(-2). What is the highest common divisor of 64 and x?
32
Let d be -2*5/10 + 239. Calculate the greatest common divisor of 34 and d.
34
Let k(d) = -d + 16. Let v be k(8). Let m = 10 + -6. Suppose m*i = v + 28. What is the greatest common divisor of i and 63?
9
Let o = 155 + -1. Calculate the greatest common factor of 22 and o.
22
Let d be (-100)/(-6)*(-6)/(-5). Let u = 30 - d. Suppose v - u + 2 = 0. Calculate the greatest common divisor of 8 and v.
8
Let y = 29 - -9. Calculate the greatest common factor of y and 19.
19
Suppose -4*l + 12*l - 112 = 0. Let i(n) = n**3 - 3*n**2 + 2*n - 3. Let u be i(4). Calculate the greatest common factor of u and l.
7
Let n(i) = i - 3. Let o(v) = -2*v - 4. Let h be o(-6). Let b be n(h). Let d be b*18/15*2. What is the highest common divisor of d and 6?
6
Suppose -2*s + 143 = -55. Suppose -2*y = -5*y - 3. Let x be 32/3 - y/3. What is the greatest common factor of x and s?
11
Let y(q) = -q**3 + 5*q**2 - 5*q + 4. Let i be y(4). Let u = i + -36. Let j = u - -84. What is the highest common factor of 12 and j?
12
Let a = 695 + -434. Let f = -186 + a. Suppose -3*j - 3*z = j - 69, -f = -4*j - 5*z. Calculate the greatest common factor of 165 and j.
15
Let h(k) = 7*k**3 + 2*k**2 - 2*k + 1. Let j = -4 - -6. Let q be h(j). Suppose -4*x - q = -385. Calculate the highest common factor of 9 and x.
9
Let t be 2/(5/(75/(-6))). Let x(r) = r**3 + 6*r**2 + 4*r + 2. Let h be x(t). Calculate the greatest common factor of 35 and h.
7
Suppose 4*r - 163 + 131 = 0. Calculate the highest common divisor of 304 and r.
8
Let c be 511/49 + 3/(-7). Le